{"id":123,"date":"2026-04-08T21:40:16","date_gmt":"2026-04-08T21:40:16","guid":{"rendered":"http:\/\/cdvuglp.cluster121.hosting.ovh.net\/?page_id=123"},"modified":"2026-04-08T22:10:27","modified_gmt":"2026-04-08T22:10:27","slug":"endko-2","status":"publish","type":"page","link":"https:\/\/www.pharma-partnerlab.fr\/index.php\/endko-2\/","title":{"rendered":"ENDKO"},"content":{"rendered":"\n<div class=\"wp-block-cover alignwide\" style=\"min-height:800px;aspect-ratio:unset;\"><img loading=\"lazy\" decoding=\"async\" width=\"1680\" height=\"945\" class=\"wp-block-cover__image-background wp-image-125 size-full\" alt=\"\" src=\"http:\/\/cdvuglp.cluster121.hosting.ovh.net\/wp-content\/uploads\/2026\/04\/Endko_bnn.webp\" style=\"object-position:0% 95%\" data-object-fit=\"cover\" data-object-position=\"0% 95%\" srcset=\"https:\/\/www.pharma-partnerlab.fr\/wp-content\/uploads\/2026\/04\/Endko_bnn.webp 1680w, https:\/\/www.pharma-partnerlab.fr\/wp-content\/uploads\/2026\/04\/Endko_bnn-300x169.webp 300w, https:\/\/www.pharma-partnerlab.fr\/wp-content\/uploads\/2026\/04\/Endko_bnn-1024x576.webp 1024w, https:\/\/www.pharma-partnerlab.fr\/wp-content\/uploads\/2026\/04\/Endko_bnn-768x432.webp 768w, https:\/\/www.pharma-partnerlab.fr\/wp-content\/uploads\/2026\/04\/Endko_bnn-1536x864.webp 1536w\" sizes=\"auto, (max-width: 1680px) 100vw, 1680px\" \/><span aria-hidden=\"true\" class=\"wp-block-cover__background has-background-dim-60 has-background-dim\" style=\"background-color:#726c52\"><\/span><div class=\"wp-block-cover__inner-container is-layout-flow wp-block-cover-is-layout-flow\">\n<h2 class=\"wp-block-heading alignwide has-ast-global-color-4-color has-text-color\" style=\"font-size:64px\">ENDKO<\/h2>\n\n\n\n<div class=\"wp-block-columns alignwide is-layout-flex wp-container-core-columns-is-layout-28f84493 wp-block-columns-is-layout-flex\">\n<div class=\"wp-block-column is-layout-flow wp-block-column-is-layout-flow\" style=\"flex-basis:55%\">\n<p class=\"has-white-color has-vivid-purple-background-color has-text-color has-background\" style=\"border-top-left-radius:10px;border-top-right-radius:10px;border-bottom-left-radius:10px;border-bottom-right-radius:10px;font-size:16px;line-height:1.3\"><br>Le laboratoire ENDKO se distingue par son approche innovante du bien-\u00eatre naturel, en mettant au c\u0153ur de ses formules un actif v\u00e9g\u00e9tal d\u2019exception : le Gymnema sylvestre.<\/p>\n\n\n\n<p class=\"has-white-color has-vivid-purple-background-color has-text-color has-background\" style=\"border-top-left-radius:10px;border-top-right-radius:10px;border-bottom-left-radius:10px;border-bottom-right-radius:10px;font-size:16px;line-height:1.3\">Utilis\u00e9e depuis des si\u00e8cles en m\u00e9decine traditionnelle, cette plante est reconnue pour ses propri\u00e9t\u00e9s uniques dans la r\u00e9gulation du sucre et la gestion des envies sucr\u00e9es. V\u00e9ritable alli\u00e9 du quotidien, le Gymnema sylvestre agit directement sur la perception du go\u00fbt sucr\u00e9, aidant ainsi \u00e0 r\u00e9duire les fringales et \u00e0 retrouver un meilleur \u00e9quilibre alimentaire.<\/p>\n\n\n\n<p class=\"has-white-color has-vivid-purple-background-color has-text-color has-background\" style=\"border-top-left-radius:10px;border-top-right-radius:10px;border-bottom-left-radius:10px;border-bottom-right-radius:10px;font-size:16px;line-height:1.3\">ENDKO a fait le choix de valoriser cet actif puissant \u00e0 travers des formulations naturelles, efficaces et faciles \u00e0 int\u00e9grer dans une routine bien-\u00eatre. Chaque produit est con\u00e7u pour accompagner celles et ceux qui souhaitent reprendre le contr\u00f4le de leur consommation de sucre, tout en prenant soin de leur \u00e9quilibre global.<\/p>\n\n\n\n<p class=\"has-white-color has-vivid-purple-background-color has-text-color has-background\" style=\"border-top-left-radius:10px;border-top-right-radius:10px;border-bottom-left-radius:10px;border-bottom-right-radius:10px;font-size:16px;line-height:1.3\">Gr\u00e2ce \u00e0 une s\u00e9lection rigoureuse des ingr\u00e9dients et \u00e0 un savoir-faire fran\u00e7ais, le laboratoire ENDKO propose des solutions innovantes qui allient naturalit\u00e9, performance et simplicit\u00e9 d\u2019utilisation.<\/p>\n\n\n\n<p class=\"has-ast-global-color-4-color has-vivid-purple-background-color has-text-color has-background\" style=\"border-top-left-radius:10px;border-top-right-radius:10px;border-bottom-left-radius:10px;border-bottom-right-radius:10px;font-size:16px;line-height:1.3\">Choisir ENDKO, c\u2019est faire le choix d\u2019une expertise cibl\u00e9e autour d\u2019un actif reconnu, pour retrouver s\u00e9r\u00e9nit\u00e9, \u00e9quilibre et bien-\u00eatre au quotidien.<\/p>\n<\/div>\n\n\n\n<div class=\"wp-block-column is-layout-flow wp-block-column-is-layout-flow\"><\/div>\n<\/div>\n\n\n\n<div class=\"wp-block-buttons is-layout-flex wp-block-buttons-is-layout-flex\">\n<div class=\"wp-block-button\"><a class=\"wp-block-button__link has-ast-global-color-8-color has-ast-global-color-4-background-color has-text-color has-background has-link-color wp-element-button\" href=\"mailto:cm.partnerlab@gmail.com\">R\u00e9f\u00e9rencer cette marque<\/a><\/div>\n<\/div>\n<\/div><\/div>\n\n\n\n<figure class=\"wp-block-gallery has-nested-images columns-default is-cropped wp-block-gallery-1 is-layout-flex wp-block-gallery-is-layout-flex\">\n<figure class=\"wp-block-image size-large\"><img loading=\"lazy\" decoding=\"async\" width=\"622\" height=\"549\" data-id=\"56\" src=\"http:\/\/cdvuglp.cluster121.hosting.ovh.net\/wp-content\/uploads\/2026\/04\/ENDKO.webp\" alt=\"\" class=\"wp-image-56\" srcset=\"https:\/\/www.pharma-partnerlab.fr\/wp-content\/uploads\/2026\/04\/ENDKO.webp 622w, https:\/\/www.pharma-partnerlab.fr\/wp-content\/uploads\/2026\/04\/ENDKO-300x265.webp 300w\" sizes=\"auto, (max-width: 622px) 100vw, 622px\" \/><\/figure>\n\n\n\n<figure class=\"wp-block-image size-large\"><img loading=\"lazy\" decoding=\"async\" width=\"1024\" height=\"1021\" data-id=\"54\" src=\"http:\/\/cdvuglp.cluster121.hosting.ovh.net\/wp-content\/uploads\/2026\/04\/ENDKO-GOURDE-1024x1021.webp\" alt=\"\" class=\"wp-image-54\" srcset=\"https:\/\/www.pharma-partnerlab.fr\/wp-content\/uploads\/2026\/04\/ENDKO-GOURDE-1024x1021.webp 1024w, https:\/\/www.pharma-partnerlab.fr\/wp-content\/uploads\/2026\/04\/ENDKO-GOURDE-300x300.webp 300w, https:\/\/www.pharma-partnerlab.fr\/wp-content\/uploads\/2026\/04\/ENDKO-GOURDE-150x150.webp 150w, https:\/\/www.pharma-partnerlab.fr\/wp-content\/uploads\/2026\/04\/ENDKO-GOURDE-768x766.webp 768w, https:\/\/www.pharma-partnerlab.fr\/wp-content\/uploads\/2026\/04\/ENDKO-GOURDE.webp 1070w\" sizes=\"auto, (max-width: 1024px) 100vw, 1024px\" \/><\/figure>\n<\/figure>\n","protected":false},"excerpt":{"rendered":"","protected":false},"author":1,"featured_media":0,"parent":0,"menu_order":0,"comment_status":"closed","ping_status":"closed","template":"","meta":{"site-sidebar-layout":"default","site-content-layout":"","ast-site-content-layout":"default","site-content-style":"default","site-sidebar-style":"default","ast-global-header-display":"","ast-banner-title-visibility":"","ast-main-header-display":"","ast-hfb-above-header-display":"","ast-hfb-below-header-display":"","ast-hfb-mobile-header-display":"","site-post-title":"disabled","ast-breadcrumbs-content":"","ast-featured-img":"","footer-sml-layout":"","ast-disable-related-posts":"","theme-transparent-header-meta":"","adv-header-id-meta":"","stick-header-meta":"","header-above-stick-meta":"","header-main-stick-meta":"","header-below-stick-meta":"","astra-migrate-meta-layouts":"default","ast-page-background-enabled":"default","ast-page-background-meta":{"desktop":{"background-color":"var(--ast-global-color-5)","background-image":"","background-repeat":"repeat","background-position":"center center","background-size":"auto","background-attachment":"scroll","background-type":"","background-media":"","overlay-type":"","overlay-color":"","overlay-opacity":"","overlay-gradient":""},"tablet":{"background-color":"","background-image":"","background-repeat":"repeat","background-position":"center center","background-size":"auto","background-attachment":"scroll","background-type":"","background-media":"","overlay-type":"","overlay-color":"","overlay-opacity":"","overlay-gradient":""},"mobile":{"background-color":"","background-image":"","background-repeat":"repeat","background-position":"center center","background-size":"auto","background-attachment":"scroll","background-type":"","background-media":"","overlay-type":"","overlay-color":"","overlay-opacity":"","overlay-gradient":""}},"ast-content-background-meta":{"desktop":{"background-color":"var(--ast-global-color-4)","background-image":"","background-repeat":"repeat","background-position":"center center","background-size":"auto","background-attachment":"scroll","background-type":"","background-media":"","overlay-type":"","overlay-color":"","overlay-opacity":"","overlay-gradient":""},"tablet":{"background-color":"var(--ast-global-color-4)","background-image":"","background-repeat":"repeat","background-position":"center center","background-size":"auto","background-attachment":"scroll","background-type":"","background-media":"","overlay-type":"","overlay-color":"","overlay-opacity":"","overlay-gradient":""},"mobile":{"background-color":"var(--ast-global-color-4)","background-image":"","background-repeat":"repeat","background-position":"center center","background-size":"auto","background-attachment":"scroll","background-type":"","background-media":"","overlay-type":"","overlay-color":"","overlay-opacity":"","overlay-gradient":""}},"footnotes":""},"class_list":["post-123","page","type-page","status-publish","hentry"],"_links":{"self":[{"href":"https:\/\/www.pharma-partnerlab.fr\/index.php\/wp-json\/wp\/v2\/pages\/123","targetHints":{"allow":["GET"]}}],"collection":[{"href":"https:\/\/www.pharma-partnerlab.fr\/index.php\/wp-json\/wp\/v2\/pages"}],"about":[{"href":"https:\/\/www.pharma-partnerlab.fr\/index.php\/wp-json\/wp\/v2\/types\/page"}],"author":[{"embeddable":true,"href":"https:\/\/www.pharma-partnerlab.fr\/index.php\/wp-json\/wp\/v2\/users\/1"}],"replies":[{"embeddable":true,"href":"https:\/\/www.pharma-partnerlab.fr\/index.php\/wp-json\/wp\/v2\/comments?post=123"}],"version-history":[{"count":5,"href":"https:\/\/www.pharma-partnerlab.fr\/index.php\/wp-json\/wp\/v2\/pages\/123\/revisions"}],"predecessor-version":[{"id":147,"href":"https:\/\/www.pharma-partnerlab.fr\/index.php\/wp-json\/wp\/v2\/pages\/123\/revisions\/147"}],"wp:attachment":[{"href":"https:\/\/www.pharma-partnerlab.fr\/index.php\/wp-json\/wp\/v2\/media?parent=123"}],"curies":[{"name":"wp","href":"https:\/\/api.w.org\/{rel}","templated":true}]}}